
-12595
In base 5, what is -143242233 + -14?
-143242302
In base 4, what is 1 - -13213113312?
13213113313
In base 3, what is -1201111022201 + -11?
-1201111022212
In base 14, what is 187ac - 158c?
17220
In base 5, what is -20342 + 1441120?
1420223
In base 7, what is -56303523 + -23?
-56303546
In base 4, what is 2222210 - -33?
2222303
In base 3, what is 100200221011 + 1?
100200221012
In base 10, what is -136 + 19205?
19069
In base 8, what is 0 - 166346137?
-166346137
In base 2, what is -1011110001 - 10011101110?
-11111011111
In base 16, what is 6957f + 69?
695e8
In base 10, what is -2 + -46685047?
-46685049
In base 2, what is 110 - -100001001100111101110101111?
100001001100111101110110101
In base 3, what is 12 + -112100202101212?
-112100202101200
In base 16, what is 87 - -1087e0?
108867
In base 16, what is 2 - 1146acea?
-1146ace8
In base 3, what is -2222121 - -2111212101?
2101212210
In base 16, what is 22e + 1ccd4?
1cf02
In base 2, what is 101000101 - -101100010111101?
101101000000010
In base 16, what is 3 - -2938f?
29392
In base 14, what is 5 - 7d0696?
-7d0691
In base 13, what is 21 + -ac8846?
-ac8825
In base 2, what is -10110110 + -10111011011101111011?
-10111011100000110001
In base 13, what is -3a588 + -81?
-3a639
In base 9, what is 14055 + -138?
13816
In base 7, what is 420 + -23350031?
-23346311
In base 13, what is -1c18 - 7c72?
-9b8a
In base 11, what is -1580a7a + 1?
-1580a79
In base 13, what is c7323c - 87?
c73185
In base 10, what is 24 - 14508379?
-14508355
In base 5, what is 20403 + 1030402?
1101310
In base 4, what is -32220033 - -30132?
-32123301
In base 13, what is -1a5969a3 - 3?
-1a5969a6
In base 14, what is -1917 + -4a0?
-1db7
In base 6, what is -54 - -23231011?
23230513
In base 4, what is 11 + 1331331301002?
1331331301013
In base 6, what is 1210521 + -11303?
1155214
In base 9, what is 6065031 - -8?
6065040
In base 4, what is -111202 - 233012?
-1010220
In base 9, what is -208 + 81747?
81538
In base 12, what is -11 + 2b548?
2b537
In base 2, what is 1111101101000000111110 + 101?
1111101101000001000011
In base 2, what is 1000011000100110011101 + -1010?
1000011000100110010011
In base 16, what is 125 - -66c5d?
66d82
In base 6, what is 22352 + -20303?
2045
In base 15, what is 688 + 121?
7a9
In base 4, what is 120 - 20031123220?
-20031123100
In base 14, what is 10 - -3c23c?
3c24c
In base 11, what is -8475 - -2a9?
-8177
In base 10, what is 4 - -3589639?
3589643
In base 9, what is 4 - 76030446?
-76030442
In base 14, what is 42 + 108657?
108699
In base 11, what is 11843204 + -38?
11843177
In base 6, what is 2 + -224111054?
-224111052
In base 11, what is 2960 - 1763?
11a8
In base 4, what is -3210312 + 13311?
-3131001
In base 11, what is -5 + -1061187a?
-10611884
In base 2, what is 10 + -101110010011111100101011010?
-101110010011111100101011000
In base 10, what is 1486052 + 5?
1486057
In base 9, what is -327 + -366315?
-366643
In base 13, what is -59a4998 + 5?
-59a4993
In base 11, what is -250817465 + 3?
-250817462
In base 15, what is 4 + a50a877?
a50a87b
In base 10, what is -9448 + 976?
-8472
In base 6, what is 434200 - -2321?
440521
In base 14, what is -9526b9a + -1?
-9526b9b
In base 5, what is -322242143221 - 3?
-322242143224
In base 12, what is -b4458 + -7?
-b4463
In base 9, what is 184 + 72657?
72852
In base 13, what is -25b9a6 + -5?
-25b9ab
In base 4, what is 2 - -110030231302?
110030231310
In base 9, what is 21438 + 378?
21827
In base 6, what is 1423 + 114350?
120213
In base 14, what is 15552c - -16?
155544
In base 12, what is -23a02 + -40?
-23a42
In base 2, what is -10000011100101111 + -1001000000?
-10000100101101111
In base 6, what is 0 - 2544241000?
-2544241000
In base 12, what is -8 - -3822739?
3822731
In base 11, what is 729 + -14a8a9?
-14a180
In base 6, what is 11042415 - 3120?
11035255
In base 4, what is -112221331331102 - 0?
-112221331331102
In base 7, what is 55256 + -1155?
54101
In base 6, what is 1343 - 24022435?
-24021052
In base 10, what is -643 - 203920?
-204563
In base 8, what is -2570 + -77266?
-102056
In base 5, what is 242 + 241231333?
241232130
In base 7, what is -1226 - -6260233?
6256004
In base 3, what is -102201 - 10110120?
-10220021
In base 5, what is 30 - 1121122?
-1121042
In base 8, what is -237 + -212212?
-212451
In base 16, what is 212163 + 3?
212166
In base 4, what is -31020201120 + 31?
-31020201023
In base 5, what is 13413 + -11031134?
-11012221
In base 14, what is 180365c + 0?
180365c
In base 2, what is 101000101101110000 - -110111000?
101000110100101000
In base 9, what is -201 + 174082?
173781
In base 10, what is 6102 + 20640?
26742
In base 6, what is -523230 + 135?
-523051
In base 13, what is 37306 + 11?
37317
In base 3, what is 2012002210 + -201221?
2011100212
In base 3, what is -122011120211 - 1?
-122011120212
In base 12, what is -2 + -82523?
-82525
In base 5, what is 2442303043024 + 0?
2442303043024
In base 4, what is 3323 + 1310220?
1320203
In base 2, what is 11 - -1010010110000011001010101?
1010010110000011001011000
In base 6, what is -10320 - -21210221?
21155501
In base 3, what is -11011012 - -21220201?
10202112
In base 2, what is -101010 + 11111100100111100?
11111100100010010
In base 4, what is -1110112132 - -11?
-1110112121
In base 13, what is -1c07c3 + -57?
-1c084a
In base 12, what is 1a52 - 506b?
-3219
In base 2, what is 100 - 11111000010001101110100101?
-11111000010001101110100001
In base 7, what is 106 + 3231515?
3231624
In base 2, what is -1011111011011010010 - -11010001?
-1011111011000000001
In base 16, what is 52627 + -223?
52404
In base 9, what is -1658 + 17426?
15657
In base 16, what is -abf876 - 5?
-abf87b
In base 10, what is 1248868 + -58?
1248810
In base 9, what is 6 - 208440?
-208433
In base 12, what is b + 312b70?
312b7b
In base 11, what is 464 - 129973?
-12950a
In base 9, what is 154838608 - 3?
154838605
In base 11, what is 2 - -589a698?
589a69a
In base 14, what is -1344 - -1c?
-1326
In base 16, what is 2baab - -d6?
2bb81
In base 16, what is ea - 49469e?
-4945b4
In base 10, what is -31 - -2485972?
2485941
In base 14, what is 14c8ab + -8?
14c8a3
In base 7, what is -35105 + -5662?
-44100
In base 6, what is 1101 - 2352014?
-2350513
In base 16, what is 10 + 9296c3?
9296d3
In base 2, what is 1111101010101 - 11111101111?
1011101100110
In base 14, what is 1 + -245cb5a?
-245cb59
In base 5, what is -11 - 31442230133?
-31442230144
In base 5, what is 14102202432 + 10?
14102202442
In base 5, what is -23140011120 - -20?
-23140011100
In base 3, what is -21200021202100222 + 22?
-21200021202100200
In base 11, what is -9184 + -330?
-9504
In base 8, what is 733515 + -12?
733503
In base 15, what is 3 + 5cbebb?
5cbebe
In base 10, what is 23715128 - -1?
23715129
In base 6, what is 10 + 4015012203?
4015012213
In base 6, what is -11041445055 + 5?
-11041445050
In base 10, what is 1780772 + 5?
1780777
In base 5, what is -204240 + -1011?
-210301
In base 4, what is -333010 + -113110?
-1112120
In base 4, what is -2020 - 213212?
-221232
In base 8, what is 160465 - 1151?
157314
In base 10, what is -5815176 + -27?
-5815203
In base 5, what is -3 + 122444144432?
122444144424
In base 14, what is -d7d6cb3 + 0?
-d7d6cb3
In base 9, what is 846 + 382610?
383556
In base 16, what is 185 + -c70b?
-c586
In base 16, what is 57e98 - 27?
57e71
In base 2, what is -101001011100 + -100110100000000?
-101011101011100
In base 10, what is -33 + 60807?
60774
In base 10, what is 61 - 119890?
-119829
In base 11, what is 467526 - 6?
467520
In base 3, what is 20110201 + -112122220?
-22012012
In base 14, what is -5758 + -3530?
-8c88
In base 7, what is -4616 + -23105?
-31024
In base 11, what is 8249974 - 2?
8249972
In base 8, what is -11 - -475170?
475157
In base 10, what is -1 - -19098893?
19098892
In base 15, what is -16b1b49 - 2?
-16b1b4b
In base 5, what is -14420 - -143104130?
143034210
In base 11, what is -4821 - 399?
-510a
In base 16, what is -f5f04 + -5?
-f5f09
In base 15, what is -5 - 3d52dc?
-3d52e2
In base 10, what is -1981 + 64510?
62529
In base 12, what is 113207 + 34?
11323b
In base 5, what is -1344410 + -113100?
-2013010
In base 3, what is -122001010200010 - -11?
-122001010122222
In base 16, what is 2 - 66a6d51?
-66a6d4f
In base 12, what is -193606050 + -4?
-193606054
In base 13, what is -12 - -4373?
4361
In base 7, what is